 = -2148*g + 107376. Give a(50).
-24
Let h(r) = 8*r + 140. Calculate h(-23).
-44
Let m(f) = -4*f**3 - 278*f**2 + 138*f - 126. Determine m(-70).
14
Let c(d) = -8*d**2 - 88*d - 19. Give c(-10).
61
Let d(s) = s**2 + 102*s + 580. What is d(-96)?
4
Let l(b) = -2*b**2 + 43*b + 179. Determine l(29).
-256
Let i(b) = -b**3 - 9*b**2 + 13*b - 135. Give i(-11).
-36
Let v(z) = -5*z**2 - 17*z - 36. Calculate v(-2).
-22
Let m(d) = -33*d**2 + 304*d - 682. What is m(5)?
13
Let h(u) = 219*u - 2679. Give h(11).
-270
Let v(g) = -14*g**2 + 150*g - 89. What is v(10)?
11
Let j(q) = 35*q - 79. Determine j(-1).
-114
Let r(a) = -2*a**3 - 115*a**2 + 235*a + 5. Give r(2).
-1
Let f(q) = -182*q + 585. What is f(3)?
39
Let r(s) = s**3 + 12*s**2 + 59*s + 230. Determine r(-7).
62
Let y(h) = h**3 - 18*h**2 - 39*h + 38. Calculate y(20).
58
Let d(y) = -y**2 - 105*y - 304. Calculate d(-102).
2
Let u(w) = w**3 - 2*w**2 - 50*w - 15. Determine u(8).
-31
Let y(g) = g**3 + 18*g**2 - 17*g + 13. Calculate y(-19).
-25
Let k(r) = r**3 - 47*r**2 - 3*r + 97. Give k(47).
-44
Let h(y) = -90985*y + 545917. Give h(6).
7
Let a(t) = 444*t + 8432. What is a(-19)?
-4
Let g(w) = 4*w**2 - 107*w - 422. Calculate g(-4).
70
Let k(p) = p**3 + 18*p**2 + 12*p - 89. Give k(-17).
-4
Let q(j) = j**3 - 26*j**2 + 21*j + 146. Give q(24).
-502
Let z(l) = 40*l + 802. What is z(-20)?
2
Let x(q) = 75*q + 238. What is x(-9)?
-437
Let s(l) = l**3 - 10*l**2 + 18*l + 25. Determine s(9).
106
Let v(s) = -5*s**3 - 8*s**2 + 23*s + 7. Give v(-3).
1
Let i(o) = 36*o - 268. What is i(8)?
20
Let l(a) = a**3 - 16*a**2 + 23*a - 4. Determine l(14).
-74
Let t(c) = -63*c**2 - 211*c - 65. Calculate t(-3).
1
Let i(g) = -57*g - 1. What is i(-1)?
56
Let h(y) = -3*y**3 + y**2 + 21*y + 20. Give h(-1).
3
Let h(n) = -178*n - 230. Give h(-4).
482
Let d(r) = -6*r**3 - 3*r**2 + 24*r + 10. What is d(-4)?
250
Let a(k) = 6*k**2 - 81*k - 2. What is a(-3)?
295
Let h(i) = 4*i**3 + 6*i**2 + 5*i - 6. Determine h(-3).
-75
Let n(m) = 2*m**3 - 12*m**2 + 12*m - 55. Give n(6).
17
Let c(a) = a**3 + 54*a**2 + 692*a - 14. Give c(-21).
7
Let f(g) = -591*g + 4191. What is f(7)?
54
Let l(o) = 11*o - 193. What is l(23)?
60
Let d(a) = a**3 + 11*a**2 + 17*a + 5. What is d(-8)?
61
Let t(b) = -b**3 - 37*b**2 + 309*b + 90. Give t(-44).
46
Let y(g) = -g**3 - 7*g**2 - 104*g - 458. Give y(-5).
12
Let x(b) = 4*b**2 - 372*b - 18. Give x(0).
-18
Let h(c) = c**2 + 13*c + 33. What is h(-21)?
201
Let o(f) = -f**3 - 62*f**2 - 7*f - 4418. Calculate o(-63).
-8
Let z(d) = -d**2 + 50*d + 148. Calculate z(55).
-127
Let g(n) = 183*n + 83. Give g(0).
83
Let k(x) = 3*x**3 - 2*x**2 + 3*x. What is k(0)?
0
Let n(c) = c**3 - 6*c**2 + 32*c - 27. Determine n(6).
165
Let z(y) = 51*y + 2696. What is z(-53)?
-7
Let s(w) = -w**3 - 38*w**2 + 394*w - 22. What is s(10)?
-882
Let u(l) = -4*l - 166. Give u(-25).
-66
Let f(m) = 19*m - 129. Calculate f(7).
4
Let q(r) = 2*r**3 + 16*r**2 - 16*r - 17. Give q(-10).
-257
Let q(c) = -173*c + 1568. Calculate q(10).
-162
Let q(x) = -2*x**3 - 141*x**2 - 204*x + 206. Give q(-69).
-1
Let v(n) = -n**2 - 264*n + 45081. Determine v(118).
5
Let j(f) = f**2 + 66*f + 341. Determine j(-5).
36
Let p(c) = 65*c - 8577. Calculate p(132).
3
Let g(s) = -4*s**2 + 132*s + 865. Calculate g(-6).
-71
Let w(u) = 8*u**3 - 178*u**2 + 211*u - 39. Give w(21).
-18
Let m(w) = 7*w**2 + 142*w + 70. Determine m(-20).
30
Let x(b) = -227*b + 1724. Calculate x(8).
-92
Let j(p) = -27*p + 52. Determine j(9).
-191
Let u(n) = -3*n**3 + n**2 + 13*n - 29. Give u(2).
-23
Let f(k) = -k**3 + 18*k**2 - 52*k - 47. Calculate f(14).
9
Let v(r) = 8*r + 18. What is v(-11)?
-70
Let a(f) = f**3 + 10*f**2 + 8*f + 225. Calculate a(-11).
16
Let i(l) = 3*l**2 - 78*l + 360. Calculate i(20).
0
Let l(w) = w**2 + 15*w - 823. What is l(-37)?
-9
Let s(w) = 3*w**2 + 135*w - 4695. Give s(-68).
-3
Let m(f) = -2*f**3 - 89*f**2 + 38*f - 120. What is m(-45)?
195
Let i(t) = -t**2 + 38*t - 350. Give i(13).
-25
Let s(p) = -11*p + 119. Determine s(15).
-46
Let x(d) = -d**2 + 70*d - 549. Give x(61).
0
Let a(x) = -431*x - 2129. What is a(-5)?
26
Let i(y) = -y**3 - 5*y**2 - 3*y. What is i(3)?
-81
Let c(j) = j**3 + 16*j**2 + 8*j - 315. Determine c(-15).
-210
Let c(l) = 5*l**2 - 259*l + 624. Calculate c(49).
-62
Let n(w) = -5*w + 164. Determine n(22).
54
Let s(v) = 62*v - 3278. Give s(53).
8
Let i(b) = 42*b + 978. Determine i(-23).
12
Let k(f) = f**3 + 5*f**2 + 28*f + 85. Give k(-4).
-11
Let x(o) = -2*o**2 + 15*o - 33. Give x(5).
-8
Let m(z) = -181*z + 1825. What is m(10)?
15
Let p(h) = 1243*h + 1276. Give p(-1).
33
Let k(y) = -414*y - 10350. What is k(-25)?
0
Let s(q) = -5285*q + 36959. Calculate s(7).
-36
Let p(r) = 14*r**2 - r - 16. Determine p(-1).
-1
Let b(l) = -l**2 + 92*l + 17473. What is b(-94)?
-11
Let g(t) = -t**2 - 3*t - 284. Determine g(0).
-284
Let d(f) = -3*f**3 + 8*f**2 - 3*f - 9. What is d(5)?
-199
Let g(r) = 43*r + 463. Give g(-10).
33
Let p(r) = 18*r**3 - 248*r**2 - 59*r + 41. Calculate p(14).
-1
Let b(p) = -p**3 + 25*p**2 + 117*p + 13. Determine b(-4).
9
Let l(h) = 2*h**3 + 45*h**2 + 72*h - 47. Determine l(-20).
513
Let s(j) = j**2 + 23*j + 15. Calculate s(-9).
-111
Let h(w) = -w**3 - 34*w**2 + 46*w + 380. Determine h(-35).
-5
Let z(i) = -63*i + 149. Calculate z(5).
-166
Let w(n) = n**2 + 20*n - 108. Give w(6).
48
Let b(a) = 162*a - 8600. What is b(53)?
-14
Let q(a) = 3*a**2 - 614*a - 20591. Give q(234).
1
Let f(r) = -r**3 + 2*r**2 - 36*r + 76. Give f(2).
4
Let z(i) = -i**3 + 11*i**2 + 129*i + 446. What is z(19)?
9
Let l(p) = 20*p**2 - 417*p + 1751. What is l(15)?
-4
Let j(l) = -129*l - 4771. Give j(-37).
2
Let b(f) = f**2 + 2*f - 434. Determine b(-22).
6
Let u(k) = 4*k**2 - 28*k + 84. Calculate u(6).
60
Let c(m) = 260*m - 1323. Calculate c(5).
-23
Let w(h) = h**3 - 12*h**2 - 179*h - 37. What is w(21)?
173
Let p(i) = -14*i**3 - 35*i + 37. What is p(1)?
-12
Let u(j) = j**2 + 72*j - 753. What is u(-81)?
-24
Let m(s) = 60*s**2 + 15*s + 27. What is m(-3)?
522
Let d(i) = 16*i**2 + 39*i - 225. Calculate d(-5).
-20
Let f(d) = -2*d**3 + 3*d**2 - 79*d - 163. What is f(-2)?
23
Let u(s) = -2*s - 123. Determine u(-32).
-59
Let d(x) = -64*x**2 - 386*x - 19. Calculate d(-6).
-7
Let v(s) = -1080*s - 4392. Calculate v(-4).
-72
Let x(w) = 3*w**3 + 20*w**2 + 32*w - 13. Calculate x(-3).
-10
Let g(k) = 8*k + 138. Give g(-29).
-94
Let k(c) = -c**2 - 74*c - 486. Calculate k(-66).
42
Let m(c) = -2*c**3 - 70*c**2 + c + 23. Determine m(-35).
-12
Let z(k) = 2*k**3 - 15*k**2 + 330*k - 2237. Calculate z(7).
24
Let u(a) = -5*a**3 - 5*a**2 + 7*a - 2. What is u(1)?
-5
Let p(n) = -n**2 + 25*n - 135. Determine p(19).
-21
Let r(x) = 308*x - 8307. Determine r(27).
9
Let f(o) = -2*o**2 + 97*o + 291. Give f(51).
36
Let g(o) = 2*o**2 - 56*o - 106. Calculate g(30).
14
Let y(j) = -621*j - 6231. Give y(-10).
-21
Let s(a) = 120*a - 1914. Give s(16).
6
Let y(a) = 2*a**3 + 89*a**2 + 40*a - 213. Determine y(-44).
-37
Let i(z) = -4*z**2 + 28*z + 36. Determine i(9).
-36
Let f(n) = -18*n + 451. Give f(27).
-35
Let g(i) = -i**3 - 12*i**2 - 2*i + 37. What is g(-11)?
-62
Let h(s) = 227*s**2 - 30*s. Determine h(-2).
968
Let n(p) = 200*p + 5983. Determine n(-30).
-17
Let q(r) = -12*r + 422. Calculate q(35).
2
Let b(x) = -x**3 + 44*x**2 + 337*x + 6. Calculate b(-7).
146
Let r(j) = 139*j - 2912. Give r(21).
7
Let x(f) = f**3 + 10*f**2 + 3*f - 52. Give x(-9).
2
Let i(v) = v**3 - 17*v**2 + 23*v - 104. Calculate i(16).
8
Let x(j) = -22*j**2 - 305*j + 17. Give x(-14).
-25
Let h(u) = u**3 + u**2 - 20*u - 11. Calculate h(0).
-11
Let v(b) = b**3 + 12*b**2 - 4*b + 31. What is v(-10)?
271
Let p(a) = -a**2 - 206*a - 10647. What is p(-96)?
-87
Let o(k) = 639*k - 74. Give o(1).
565
Let q(r) = 93*r + 238. What is q(-2)?
52
Let x(z) = -z**3 - 56*z**2 - 114*z - 331. Calculate x(-54).
-7
Let m(q) = -q**2 - 6*q + 86. Determine m(-14).
-26
Let p(u) = u**2 + 10*u - 44. Determine p(-21).
187
Let s(k) = 90*k - 10712. What is s(119)?
-2
Let z(c) = 2*c - 38. What is z(-34)?
-106
Let m(z) = -105*z + 2424. Give m(23).
9
Let c(v) = -161*v - 3704. What is c(-23)?
-1
Let l(h) = 27*h + 159. Calculate l(-6).
-3
Let w(d) = d**2 + 18*d - 73. Determine w(-22).
15
Let m(s) = s**3 + 11*s**2 + 10*s - 26. Determine m(-12).
-290
Let l(c) = -2*c**3 + 68*c**2 - 12*c + 406. What is l(34)?
-2
Let b(t) = -26